{"id":96,"date":"2017-01-15T16:10:34","date_gmt":"2017-01-15T16:10:34","guid":{"rendered":"http:\/\/www.fusspflege-lechler.de\/?page_id=96"},"modified":"2019-10-06T15:53:05","modified_gmt":"2019-10-06T15:53:05","slug":"wissenswertes","status":"publish","type":"page","link":"https:\/\/www.fusspflege-lechler.de\/?page_id=96","title":{"rendered":"Wissenswertes !"},"content":{"rendered":"<p><span style=\"font-size: medium;\"><b>Sind ihre F\u00fc\u00dfe bei mir in den richtigen H\u00e4nden ? Fu\u00dfpflege oder doch Podologie ???<\/b><\/span><\/p>\n<p>Ich biete Ihnen professionelle Fu\u00dfpflege, sachkundig, liebevoll, gr\u00fcndlich,<\/p>\n<p>am gesunden Fu\u00df,<\/p>\n<p>zur Pflege, Erhaltung der Fu\u00dfgesundheit bzw. zur optischen Versch\u00f6nerung.<\/p>\n<p>Dazu geh\u00f6rt auch :<\/p>\n<ul>\n<li>Abtragen von Verhornungen,<\/li>\n<li>Entfernen von H\u00fchneraugen (jedoch nicht bei Risikopatienten, siehe Podologie)<\/li>\n<li>Entlastung bei leicht eingewachsenen N\u00e4geln.<\/li>\n<li>Begleitende Behandlung bei Nagelpilztherapie<\/li>\n<\/ul>\n<p><span style=\"color: #ffffff;\">Absatz<\/span><\/p>\n<p><b>Bitte wenden Sie sich an eine podologische Praxis (medizinische Fu\u00dfpflege) bei :<\/b><\/p>\n<ul>\n<li>Einnahme von Blutverd\u00fcnnern<\/li>\n<li>Diabetes<\/li>\n<li>Rheuma<\/li>\n<li>chronischen Krankheiten<\/li>\n<li>starkem Nagelpilzbefall<\/li>\n<li>Hautpilz<\/li>\n<li>schmerzhaften (bzw. entz\u00fcndeten) eingewachsenen N\u00e4geln<\/li>\n<li>tiefen Rissen in der Hornhaut<\/li>\n<li>Warzen<\/li>\n<\/ul>\n<p>Selbstverst\u00e4ndlich wird mein Praxisraum und die gesamten Ger\u00e4tschaften sehr gewissenhaft nach jeder Behandlung hygienisch aufbereitet, \u00a0mittels Ultraschall, Sterilisator und Desinfektion.<\/p>\n<p>Vielen Dank f\u00fcr Ihren Besuch und Ihr Interesse. Bei jeder Frage die hier noch nicht beantwortet wurde, k\u00f6nnen Sie mich gerne kontaktieren.<\/p>\n<!-- AddThis Advanced Settings generic via filter on the_content --><!-- AddThis Share Buttons generic via filter on the_content -->","protected":false},"excerpt":{"rendered":"<p>Sind ihre F\u00fc\u00dfe bei mir in den richtigen H\u00e4nden ? Fu\u00dfpflege oder doch Podologie ??? Ich biete Ihnen professionelle Fu\u00dfpflege, sachkundig, liebevoll, gr\u00fcndlich, am gesunden Fu\u00df, zur Pflege, Erhaltung der Fu\u00dfgesundheit bzw. zur optischen Versch\u00f6nerung. Dazu geh\u00f6rt auch : Abtragen von Verhornungen, Entfernen von H\u00fchneraugen (jedoch nicht bei Risikopatienten, siehe Podologie) Entlastung bei leicht eingewachsenen N\u00e4geln. Begleitende Behandlung bei Nagelpilztherapie Absatz Bitte wenden Sie sich an eine podologische Praxis (medizinische Fu\u00dfpflege) bei : Einnahme von Blutverd\u00fcnnern Diabetes Rheuma chronischen Krankheiten starkem Nagelpilzbefall Hautpilz schmerzhaften (bzw. entz\u00fcndeten) eingewachsenen N\u00e4geln tiefen Rissen in der Hornhaut Warzen Selbstverst\u00e4ndlich wird mein Praxisraum und die gesamten Ger\u00e4tschaften sehr gewissenhaft nach jeder Behandlung hygienisch aufbereitet, \u00a0mittels &hellip; <a href=\"https:\/\/www.fusspflege-lechler.de\/?page_id=96\" class=\"more-link\"><span class=\"screen-reader-text\">Wissenswertes !<\/span> weiterlesen <span class=\"meta-nav\">&rarr;<\/span><\/a><!-- AddThis Advanced Settings generic via filter on get_the_excerpt --><!-- AddThis Share Buttons generic via filter on get_the_excerpt --><\/p>\n","protected":false},"author":2,"featured_media":0,"parent":0,"menu_order":6,"comment_status":"closed","ping_status":"closed","template":"","meta":{"_monsterinsights_skip_tracking":false,"_monsterinsights_sitenote_active":false,"_monsterinsights_sitenote_note":"","_monsterinsights_sitenote_category":0,"footnotes":""},"_links":{"self":[{"href":"https:\/\/www.fusspflege-lechler.de\/index.php?rest_route=\/wp\/v2\/pages\/96"}],"collection":[{"href":"https:\/\/www.fusspflege-lechler.de\/index.php?rest_route=\/wp\/v2\/pages"}],"about":[{"href":"https:\/\/www.fusspflege-lechler.de\/index.php?rest_route=\/wp\/v2\/types\/page"}],"author":[{"embeddable":true,"href":"https:\/\/www.fusspflege-lechler.de\/index.php?rest_route=\/wp\/v2\/users\/2"}],"replies":[{"embeddable":true,"href":"https:\/\/www.fusspflege-lechler.de\/index.php?rest_route=%2Fwp%2Fv2%2Fcomments&post=96"}],"version-history":[{"count":5,"href":"https:\/\/www.fusspflege-lechler.de\/index.php?rest_route=\/wp\/v2\/pages\/96\/revisions"}],"predecessor-version":[{"id":209,"href":"https:\/\/www.fusspflege-lechler.de\/index.php?rest_route=\/wp\/v2\/pages\/96\/revisions\/209"}],"wp:attachment":[{"href":"https:\/\/www.fusspflege-lechler.de\/index.php?rest_route=%2Fwp%2Fv2%2Fmedia&parent=96"}],"curies":[{"name":"wp","href":"https:\/\/api.w.org\/{rel}","templated":true}]}}